.
13
Let v(s) = -84*s - 1753. What is v(-26)?
431
Let i(g) = g**2 + 246*g + 14650. What is i(-101)?
5
Let r(f) = f**2 - 7*f + 5. Determine r(16).
149
Let g(b) = 38*b - 253. Determine g(10).
127
Let r(y) = -y**3 - 10*y**2 - 6*y + 46. What is r(-8)?
-34
Let w(d) = -2*d**3 - 13*d**2 - 8*d - 18. Calculate w(-6).
-6
Let i(j) = -j**2 + 28*j - 136. Give i(7).
11
Let x(a) = -a**2 + 28*a - 122. Determine x(22).
10
Let v(x) = -42*x**2 - 27*x + 27. Calculate v(1).
-42
Let f(v) = -83*v**2 - 250*v - 11. What is f(-3)?
-8
Let q(g) = g**2 + 68*g - 681. Calculate q(-77).
12
Let r(p) = -7954*p - 31800. Give r(-4).
16
Let y(p) = p**2 + 17*p + 5. Give y(-17).
5
Let t(k) = 297*k - 2677. What is t(9)?
-4
Let f(k) = -13*k**2 - 272*k - 262. Give f(-20).
-22
Let c(y) = y**3 + 23*y**2 + 73*y + 651. Determine c(-21).
0
Let w(x) = 176*x - 10402. Calculate w(59).
-18
Let v(y) = y**3 + 3*y**2 - 80*y - 91. Give v(-10).
9
Let v(w) = 33*w**2 - 138*w - 137. Calculate v(5).
-2
Let t(u) = u**2 - 10*u + 67. Calculate t(0).
67
Let r(x) = 25*x**2 - 12*x - 12. Determine r(-1).
25
Let m(h) = -111*h + 2776. Give m(25).
1
Let g(d) = 6*d**3 + d**2 + 4*d - 52. Give g(0).
-52
Let t(r) = r**2 + 23*r - 129. What is t(6)?
45
Let f(g) = -443*g + 4985. Calculate f(11).
112
Let t(u) = u**3 - 21*u**2 + 27*u + 101. Determine t(20).
241
Let p(z) = -16*z + 47. What is p(3)?
-1
Let f(v) = -v**3 - 10*v**2 - 41*v - 138. Give f(-4).
-70
Let c(r) = -38*r**3 - 3*r**2 + r + 3. Calculate c(-1).
37
Let f(t) = -8*t**2 - 699*t - 991. Calculate f(-86).
-45
Let g(u) = 22*u**2 + 152*u - 11. Give g(-6).
-131
Let g(y) = 22*y - 1160. What is g(53)?
6
Let b(t) = -175*t - 1868. Calculate b(-11).
57
Let p(o) = o**3 - 11*o**2 - 12*o + 230. Calculate p(9).
-40
Let w(p) = 9*p**2 - 243*p + 1134. What is w(6)?
0
Let j(a) = -a**2 - 59*a - 245. Give j(-5).
25
Let v(k) = 2*k**3 - 120*k**2 + 1698*k + 102. Determine v(23).
10
Let m(h) = -53*h**2 + 25*h - 12. Determine m(-3).
-564
Let i(d) = -109*d - 544. Give i(-5).
1
Let t(j) = -j**3 + 16*j - 407. Determine t(0).
-407
Let k(n) = -72*n + 4311. What is k(60)?
-9
Let x(n) = -21*n**2 + 4*n + 4. Give x(-2).
-88
Let y(f) = -577*f**2 - 2310*f - 4. Give y(-4).
4
Let u(k) = -52*k - 818. Give u(-21).
274
Let u(x) = -x**3 - 28*x**2 - 34*x - 89. Determine u(-27).
100
Let z(d) = -2*d**3 + 40*d**2 + 230*d + 15. Give z(-5).
115
Let w(h) = -1230*h + 9831. Determine w(8).
-9
Let f(o) = -4*o**2 - 18*o + 86. Determine f(3).
-4
Let b(k) = 35*k**2 - 45*k - 44. What is b(-1)?
36
Let a(h) = -3*h**2 - 279*h - 3703. Calculate a(-77).
-7
Let v(x) = 4*x**2 - 1. Determine v(-3).
35
Let u(d) = -38*d - 396. Determine u(-10).
-16
Let s(o) = o - 44. What is s(6)?
-38
Let j(d) = d**2 + 2546*d - 25563. What is j(10)?
-3
Let c(b) = -2953*b - 23632. What is c(-8)?
-8
Let g(u) = -4*u**2 - 52*u - 93. Give g(-2).
-5
Let n(u) = u**3 - 12*u**2 - 9*u - 6. Calculate n(13).
46
Let y(u) = 83*u + 2166. Determine y(-26).
8
Let q(s) = s + 86. Calculate q(-98).
-12
Let i(m) = m**3 - 20*m**2 + 92*m + 31. What is i(9)?
-32
Let h(a) = -a**2 - 60*a + 1801. What is h(22)?
-3
Let j(y) = y**2 + 7*y + 34. Give j(-9).
52
Let c(n) = n**3 + 3*n**2 + n - 24. Calculate c(-2).
-22
Let y(c) = -4*c**3 + 24*c**2 - 104*c + 621. What is y(6)?
-3
Let f(i) = i**3 + 51*i**2 + 358*i + 596. What is f(-43)?
-6
Let n(h) = h**2 + 110*h + 2954. Determine n(-52).
-62
Let c(s) = 39*s + 56. What is c(-5)?
-139
Let o(d) = -515*d + 9266. Determine o(18).
-4
Let g(i) = 22*i**2 + 36*i + 115. What is g(-4)?
323
Let y(s) = 11*s**2 + 209*s + 19. Give y(-19).
19
Let s(j) = -5*j**3 + 81*j**2 - 25*j + 141. Calculate s(16).
-3
Let y(k) = -46*k - 2571. Calculate y(-56).
5
Let l(r) = -r**2 + 295*r - 3411. Determine l(12).
-15
Let m(b) = -185*b - 1697. Determine m(-8).
-217
Let x(z) = 45*z + 589. Determine x(-11).
94
Let m(d) = -d**3 - 23*d**2 - 133*d - 36. What is m(-13)?
3
Let a(z) = 19*z**3 - z**2 - 18*z + 34. What is a(2)?
146
Let p(v) = 14*v**2 + 5*v + 2. Give p(1).
21
Let h(j) = 96*j**2 - 560*j + 4. Determine h(6).
100
Let b(l) = -478*l + 2. Give b(1).
-476
Let m(g) = -g**3 + 10*g**2 + 14*g - 200. Calculate m(10).
-60
Let p(y) = -6*y**2 - 453*y - 1821. Calculate p(-4).
-105
Let x(p) = -p**2 + 3*p + 102. Calculate x(12).
-6
Let b(c) = -43*c - 3789. Determine b(-88).
-5
Let d(p) = -p**3 + 8*p**2 - 57*p + 589. Calculate d(9).
-5
Let g(v) = -3*v**2 - 13*v + 218. What is g(8)?
-78
Let c(r) = -25*r + 727. What is c(29)?
2
Let u(j) = 2694*j - 61957. Calculate u(23).
5
Let z(c) = c**3 - 18*c**2 + 29*c - 9. Determine z(18).
513
Let w(x) = -7*x - 59. Determine w(-15).
46
Let t(g) = -3*g**3 - 65*g**2 + 8*g + 112. Determine t(-22).
420
Let i(y) = -2*y**3 - 7*y**2 - 76*y - 479. Determine i(-5).
-24
Let j(z) = -78*z + 20. Determine j(-1).
98
Let j(v) = -34*v + 53. Calculate j(3).
-49
Let z(x) = -2*x**2 - 114*x + 6194. Determine z(34).
6
Let x(v) = -42*v + 3543. Calculate x(85).
-27
Let t(d) = -3*d**2 - 74*d - 24. Give t(-23).
91
Let f(w) = w**2 + 150*w + 3625. Give f(-120).
25
Let p(z) = -9*z**2 + 12*z + 8. Determine p(-2).
-52
Let m(l) = -57*l**2 + 3194*l - 117. Give m(56).
-5
Let f(i) = -273*i + 276. Calculate f(1).
3
Let o(y) = -7*y - 110. Give o(-14).
-12
Let f(u) = -u**3 + 10*u**2 + 14*u + 3. Determine f(0).
3
Let d(f) = -44*f - 1994. Determine d(-61).
690
Let i(u) = 861*u. Give i(0).
0
Let z(v) = 723*v + 7239. Give z(-10).
9
Let m(d) = 63*d**2 - 250*d - 8. What is m(4)?
0
Let v(p) = -3*p + 376. What is v(57)?
205
Let q(m) = -483*m + 1188. Give q(5).
-1227
Let l(n) = 84*n - 527. Determine l(7).
61
Let z(x) = -409*x + 670. Calculate z(2).
-148
Let d(i) = -i**3 - 30*i**2 - 10*i + 556. What is d(-29)?
5
Let f(w) = 76*w + 962. Calculate f(-11).
126
Let z(x) = -2*x**3 - 19*x**2 - 10*x + 42. Give z(-10).
242
Let c(p) = p**3 - 12*p**2 + 80*p - 309. Calculate c(7).
6
Let t(h) = 2*h**3 + 6*h**2 - 13*h + 50. Determine t(-5).
15
Let y(v) = 2*v**2 - 43*v - 40. Give y(18).
-166
Let n(a) = 5347*a + 12. What is n(0)?
12
Let d(l) = -786*l - 60. Determine d(0).
-60
Let x(f) = 20610*f - 123667. Calculate x(6).
-7
Let t(q) = q**3 + 31*q**2 - 66*q + 50. Calculate t(-33).
50
Let g(v) = -26*v**2 + 44*v - 27. Determine g(1).
-9
Let r(y) = -y**2 + 4*y + 13188. Give r(117).
-33
Let y(i) = -835*i + 9186. What is y(11)?
1
Let u(c) = -c**3 - 21*c**2 - 110*c + 12. Calculate u(-8).
60
Let r(c) = 502*c - 3601. Give r(8).
415
Let o(m) = 8*m**3 - 5*m**2 - 2*m + 28. What is o(3)?
193
Let o(j) = 4*j**3 - 3*j**2 + 2*j + 2. Give o(-3).
-139
Let m(h) = h**2 + 10*h - 10. Determine m(-7).
-31
Let n(u) = -23*u**3 + 2*u**2 + 577*u - 577. Calculate n(1).
-21
Let o(h) = -366*h + 269. Determine o(1).
-97
Let v(x) = 8*x**2 + 371*x - 290. Determine v(-47).
-55
Let w(k) = 165*k**2 + 496*k - 2. Give w(-3).
-5
Let q(g) = -g**3 + 33*g**2 - 203*g + 18. Determine q(9).
135
Let m(c) = c**3 + 8*c**2 + 5*c - 52. Give m(-6).
-10
Let w(z) = -z**3 + 44*z**2 - 49*z + 209. Determine w(43).
-49
Let m(r) = 752*r + 4087. What is m(-5)?
327
Let w(d) = -83*d + 15897. What is w(191)?
44
Let h(o) = o**3 - 10*o**2 + 37*o - 166. Calculate h(8).
2
Let o(w) = 39*w**3 - w**2 + 84*w - 83. Give o(1).
39
Let r(d) = -d**3 - 50*d**2 - 102*d - 284. Determine r(-48).
4
Let w(a) = -12*a + 199. Calculate w(13).
43
Let n(x) = x**3 - 8*x**2 + 669*x - 4610. Determine n(7).
24
Let v(b) = -2*b**2 - 158*b + 659. Calculate v(4).
-5
Let q(r) = 43*r + 40. Determine q(2).
126
Let k(o) = -o**2 + 159*o + 12303. Determine k(216).
-9
Let q(g) = -104*g**2 - 610*g + 97. Give q(-6).
13
Let v(c) = -c**2 - 610*c - 1827. Give v(-3).
-6
Let n(s) = -51858*s - 207434. Give n(-4).
-2
Let t(k) = 4*k**2 + 67*k - 1. What is t(-17)?
16
Let k(x) = -10*x - 375. Give k(-23).
-145
Let y(h) = 63*h - 1054. What is y(17)?
17
Let z(u) = -u**3 - 58*u**2 - 214*u + 120. Determine z(-54).
12
Let o(m) = 6*m**2 - 127*m - 126. Calculate o(-1).
7
Let i(k) = -7*k**2 + 36*k + 11. Determine i(5).
16
Let p(x) = 21*x + 2217. Give p(-106).
-9
Let s(z) = 51*z**2 - 299*z - 3. Calculate s(6).
39
Let z(p) = -p**3 + 15*p**2 + 30*p - 233. What is z(16)?
-9
Let h(i) = -102*i - 205. Determine h(-2).
-1
Let q(u) = 98*u - 109. What is q(-1)?
-207
Let z(g) = -g**3 - 7*g**2 - 7*g - 4. Calculate z(-6).
2
Let q(l) = 127*l - 1509. Determine q(12).
15
Let r(a) = 14*a + 217. Determine r(-14).
21
Let p(i) = -i**3